
True
Is 15 a factor of 1481517?
False
Is 59 a factor of 40624188?
False
Is 46327018 a multiple of 34?
False
Is 226397923 a multiple of 449?
True
Does 2565 divide 3202252045?
False
Is 7349759 a multiple of 1524?
False
Is 50929655 a multiple of 145?
True
Is 645624 a multiple of 28?
True
Is 48 a factor of 2629776?
True
Is 32 a factor of 41748384?
True
Does 35 divide 469297535?
True
Is 6118975 a multiple of 10?
False
Does 672 divide 500192448?
True
Is 123515877 a multiple of 26?
False
Is 27 a factor of 1635030387?
True
Is 57547140 a multiple of 35?
True
Does 6 divide 9203652?
True
Is 7233944382 a multiple of 203?
True
Is 137 a factor of 40511166?
False
Is 17805348 a multiple of 63?
False
Does 219 divide 429134464?
False
Is 21 a factor of 10687514?
False
Is 390656940 a multiple of 60?
True
Does 9 divide 81315853?
False
Is 77901347 even?
False
Is 20 a factor of 91979920?
True
Is 677 a factor of 19681392?
False
Is 14622512 a multiple of 16?
True
Is 120 a factor of 1334994429?
False
Is 101 a factor of 16611571?
True
Is 45 a factor of 219623085?
True
Is 20368244 a multiple of 24?
False
Is 116616399 a multiple of 8?
False
Is 27542560 a multiple of 316?
True
Is 1372549481 a multiple of 296?
False
Is 2773 a factor of 1462116937?
True
Does 8 divide 227031182?
False
Is 7511 a factor of 4394167434?
False
Does 485 divide 397686553?
False
Is 33206640 a multiple of 664?
True
Does 143 divide 11828820?
False
Is 95 a factor of 135420021?
False
Does 15 divide 695054772?
False
Does 15687 divide 2453259753?
False
Does 39 divide 2013604?
False
Does 100 divide 26647700?
True
Does 11 divide 2971191?
False
Is 135965019 a multiple of 171?
False
Does 8585 divide 2336553214?
False
Does 2696 divide 1350822540?
False
Is 64967695 a multiple of 2205?
False
Is 63695024 a multiple of 13?
False
Is 3563 a factor of 1177492067?
False
Does 98 divide 882667606?
False
Is 85437004 a multiple of 278?
False
Does 357 divide 1499471?
False
Is 1817 a factor of 118960807?
True
Is 368 a factor of 542345888?
True
Does 711 divide 795015139?
False
Does 16 divide 232498526?
False
Is 3957241 a multiple of 33?
False
Is 437436900 a multiple of 23?
False
Does 51 divide 13670805?
True
Does 11 divide 16282664?
False
Is 706 a factor of 24379592?
True
Is 40 a factor of 119423400?
True
Is 71 a factor of 173177875?
True
Does 77 divide 2861609897?
False
Is 15969475 a multiple of 33?
False
Is 47 a factor of 807664257?
False
Is 13751937 a multiple of 27?
True
Is 16636843 a multiple of 1446?
False
Does 670 divide 21816757?
False
Is 191 a factor of 156700669?
False
Is 87859566 a multiple of 17?
False
Does 4504 divide 311260329?
False
Is 25747492 a multiple of 1574?
True
Is 4958340 a multiple of 61?
False
Is 34 a factor of 226344630?
True
Does 5247 divide 649410213?
False
Does 9 divide 1083402?
True
Is 1420 a factor of 162550240?
True
Is 25112024 a multiple of 92?
False
Is 3805630 a multiple of 15?
False
Is 60 a factor of 21091800?
True
Is 1616 a factor of 199530752?
True
Is 1452 a factor of 176055000?
True
Does 1445 divide 205872040?
True
Is 179936610 a multiple of 23?
False
Is 50 a factor of 108019682?
False
Is 19010595 a multiple of 15?
True
Is 4576157 a multiple of 1260?
False
Does 137 divide 68482043?
False
Is 976540214 a multiple of 1066?
True
Is 324 a factor of 502920901?
False
Is 8917640 a multiple of 856?
False
Is 229 a factor of 1115242423?
False
Is 298656157 a multiple of 11?
False
Is 16 a factor of 433441056?
True
Is 3038761856 a multiple of 27?
False
Does 37 divide 3200985016?
False
Is 44 a factor of 2459379516?
True
Is 2196 a factor of 401888080?
False
Is 1381 a factor of 626516378?
False
Is 301903476 a multiple of 68?
True
Is 4 a factor of 1001794132?
True
Does 1571 divide 7592643?
True
Is 5632 a factor of 3217899640?
False
Is 15 a factor of 900344277?
False
Is 20585557 a multiple of 35?
False
Does 1241 divide 96949292?
False
Is 500 a factor of 30995272?
False
Is 14024462 a multiple of 31?
True
Is 4078 a factor of 1257883568?
True
Is 4532452 a multiple of 4?
True
Is 8 a factor of 181346596?
False
Is 100767888 a multiple of 27?
True
Does 582 divide 171918168?
False
Is 242306387 a multiple of 768?
False
Is 492689943 a multiple of 361?
False
Does 45 divide 12465540?
True
Is 6606012672 a multiple of 336?
True
Does 58 divide 39005342?
False
Does 34 divide 143167098?
True
Is 452 a factor of 95199336?
True
Does 578 divide 5215953161?
False
Is 133874112 a multiple of 8?
True
Does 8 divide 20407932?
False
Does 4932 divide 1639174860?
True
Does 11 divide 59246777?
False
Is 430105230 a multiple of 4?
False
Does 2416 divide 510894608?
True
Does 36 divide 12844566?
False
Is 1342 a factor of 1961088756?
True
Is 64 a factor of 3695306?
False
Does 31 divide 93694301?
False
Does 54 divide 148443624?
True
Does 650 divide 104778700?
True
Is 3 a factor of 140357850?
True
Does 4703 divide 228923228?
True
Is 4617 a factor of 1041673689?
True
Is 6 a factor of 1141949298?
True
Is 56593248 a multiple of 361?
True
Is 79 a factor of 27633410?
True
Does 81 divide 68346648?
False
Does 526 divide 12117462?
True
Is 113 a factor of 58709924?
False
Is 2 a factor of 34413129?
False
Does 283 divide 52210792?
False
Does 130 divide 675341290?
True
Is 8 a factor of 42881732?
False
Is 413233876 a multiple of 2?
True
Is 535784512 a multiple of 17?
True
Does 2109 divide 336700910?
False
Is 286111276 a multiple of 15?
False
Is 10533 a factor of 736383096?
True
Is 45 a factor of 176926365?
True
Is 3384 a factor of 280435599?
False
Is 309498430 a multiple of 34?
True
Is 217 a factor of 643914516?
True
Is 819483481 a multiple of 10?
False
Does 55 divide 40583895?
True
Is 470115291 a multiple of 141?
True
Is 533761860 a multiple of 5?
True
Is 661 a factor of 2464869?
True
Is 345665152 a multiple of 1696?
True
Is 306 a factor of 8179074?
True
Does 8127 divide 482378085?
True
Does 13 divide 57066100?
True
Is 482 a factor of 741754707?
False
Is 3134 a factor of 1001983676?
True
Is 2 a factor of 29849251?
False
Is 411342021 a multiple of 413?
False
Is 22543908 a multiple of 3344?
False
Is 103499011 a multiple of 230?
False
Is 234293632 a multiple of 24?
False
Does 143 divide 421111262?
True
Does 82 divide 77126330?
True
Is 651 a factor of 76740156?
False
Is 5 a factor of 25306044?
False
Is 166 a factor of 1181303642?
True
Is 309 a factor of 168376263?
True
Is 75 a factor of 144256500?
True
Does 3770 divide 1131829400?
True
Is 1600 a factor of 24033596?
False
Is 49 a factor of 5062667?
False
Is 46 a factor of 61057584?
False
Does 5 divide 3114610?
True
Does 126 divide 314532922?
False
Is 3661123328 a multiple of 810?
False
Does 9 divide 381146660?
False
Does 160 divide 80970560?
True
Is 2202 a factor of 142669782?
True
Is 10 a factor of 8622370?
True
Is 3339 a factor of 293832?
True
Is 48753416 a multiple of 162?
False
Does 42 divide 128534865?
False
Does 51 divide 76995419?
False
Is 4440 a factor of 960467511?
False
Does 598 divide 356068?
False
Is 1369 a factor of 1810833798?
True
Is 145395754 a multiple of 17?
False
Is 9919212 a multiple of 809?
False
Does 6773 divide 435957691?
True
Is 28999460 a multiple of 70?
True
Is 31 a factor of 1346415792?
False
Is 14 a factor of 26342498?
True
Is 8 a factor of 53662890?
False
Does 14 divide 702084516?
True
Does 39 divide 450592116?
True
Is 1665 a factor of 180547605?
True
Does 1007 divide 352696137?
False
Is 227341 a multiple of 158?
False
Is 17 a factor of 162111896?
False
Is 164 a factor of 17921264?
True
Is 1549 a factor of 43535021?
False
Does 343 divide 7376527?
False
Is 728 a factor of 77352184?
True
Does 42 divide 3247277?
False
Is 11268 a factor of 861472404?
True
Does 95 divide 335910163?
False
Is 386 a factor of 357089372?
True
Does 466 divide 1633930927?
False
Does 5247 divide 319321926?
True
Does 343 divide 382334897?
True
Does 15 divide 26984545?
False
Is 166 a factor of 49158475?
False
Is 2520 a factor of 27011880?
True
Does 118 divide 613062548?
False
Is 61780320 a multiple of 252?
True
Does 21 divide 13543829?
False
Is 196 a factor of 133585018?
False
Is 12 a factor of 630027799?
False
Is 138 a factor of 16161649?
False
Does 17 divide 309853067?
True
Is 4435863495 a multiple of 35?
True
Does 63 divide 195287589?
True
Is 6 a factor of 294050541?
False
Is 42040826 a multiple of 943?
